{"id":24,"date":"2019-08-30T09:58:18","date_gmt":"2019-08-30T07:58:18","guid":{"rendered":"http:\/\/isabelle.geoderis.fr\/?page_id=24"},"modified":"2019-09-16T17:22:01","modified_gmt":"2019-09-16T15:22:01","slug":"activites-du-club","status":"publish","type":"page","link":"https:\/\/karateclubmetz.fr\/?page_id=24","title":{"rendered":"Activit\u00e9s du club"},"content":{"rendered":"<h4><span style=\"color: #ff0000;\">Les combats<\/span><\/h4>\n\n\n<div class=\"wp-block-media-text alignwide\"><figure class=\"wp-block-media-text__media\"><img fetchpriority=\"high\" decoding=\"async\" width=\"1024\" height=\"683\" src=\"http:\/\/karateclubmetz.fr\/wp-content\/uploads\/2019\/09\/Championnat-France-Combats-2019-equipes-DB-11-1024x683.jpg\" alt=\"\" class=\"wp-image-245\" srcset=\"https:\/\/karateclubmetz.fr\/wp-content\/uploads\/2019\/09\/Championnat-France-Combats-2019-equipes-DB-11-1024x683.jpg 1024w, https:\/\/karateclubmetz.fr\/wp-content\/uploads\/2019\/09\/Championnat-France-Combats-2019-equipes-DB-11-300x200.jpg 300w, https:\/\/karateclubmetz.fr\/wp-content\/uploads\/2019\/09\/Championnat-France-Combats-2019-equipes-DB-11-768x512.jpg 768w, https:\/\/karateclubmetz.fr\/wp-content\/uploads\/2019\/09\/Championnat-France-Combats-2019-equipes-DB-11-830x553.jpg 830w, https:\/\/karateclubmetz.fr\/wp-content\/uploads\/2019\/09\/Championnat-France-Combats-2019-equipes-DB-11-230x153.jpg 230w, https:\/\/karateclubmetz.fr\/wp-content\/uploads\/2019\/09\/Championnat-France-Combats-2019-equipes-DB-11-350x233.jpg 350w, https:\/\/karateclubmetz.fr\/wp-content\/uploads\/2019\/09\/Championnat-France-Combats-2019-equipes-DB-11-480x320.jpg 480w, https:\/\/karateclubmetz.fr\/wp-content\/uploads\/2019\/09\/Championnat-France-Combats-2019-equipes-DB-11.jpg 1200w\" sizes=\"(max-width: 1024px) 100vw, 1024px\" \/><\/figure><div class=\"wp-block-media-text__content\">\n<p> &nbsp;Les&nbsp;<a href=\"https:\/\/www.youtube.com\/watch?v=izgrrdppDw8\" target=\"_blank\" rel=\"noreferrer noopener\" aria-label=\"combats (s\u2019ouvre dans un nouvel onglet)\">combats<\/a>&nbsp;sont l&rsquo;aspect sportif du karat\u00e9. Ils ne sont autoris\u00e9s en comp\u00e9tition qu&rsquo;\u00e0 partir de la cat\u00e9gorie pupille o\u00f9 il s&rsquo;agira essentiellement d&rsquo;une initiation.<br>&nbsp;&nbsp;&nbsp;A l&rsquo;int\u00e9rieur du Dojo, ils portent le nom de Rendori et serviront \u00e0 automatiser des encha\u00eenements de techniques (blocages, esquives, attaques et contre-attaques). <\/p>\n<\/div><\/div>\n\n\n<h4><span style=\"color: #ff0000;\">Les katas<\/span><\/h4>\n\n\n<div class=\"wp-block-media-text alignwide has-media-on-the-right\" style=\"grid-template-columns:auto 45%\"><figure class=\"wp-block-media-text__media\"><img decoding=\"async\" width=\"1024\" height=\"683\" src=\"http:\/\/karateclubmetz.fr\/wp-content\/uploads\/2019\/09\/Championnat-France-Kata-2019-Lille-DB-09-1024x683.jpg\" alt=\"\" class=\"wp-image-247\" srcset=\"https:\/\/karateclubmetz.fr\/wp-content\/uploads\/2019\/09\/Championnat-France-Kata-2019-Lille-DB-09-1024x683.jpg 1024w, https:\/\/karateclubmetz.fr\/wp-content\/uploads\/2019\/09\/Championnat-France-Kata-2019-Lille-DB-09-300x200.jpg 300w, https:\/\/karateclubmetz.fr\/wp-content\/uploads\/2019\/09\/Championnat-France-Kata-2019-Lille-DB-09-768x512.jpg 768w, https:\/\/karateclubmetz.fr\/wp-content\/uploads\/2019\/09\/Championnat-France-Kata-2019-Lille-DB-09-830x553.jpg 830w, https:\/\/karateclubmetz.fr\/wp-content\/uploads\/2019\/09\/Championnat-France-Kata-2019-Lille-DB-09-230x153.jpg 230w, https:\/\/karateclubmetz.fr\/wp-content\/uploads\/2019\/09\/Championnat-France-Kata-2019-Lille-DB-09-350x233.jpg 350w, https:\/\/karateclubmetz.fr\/wp-content\/uploads\/2019\/09\/Championnat-France-Kata-2019-Lille-DB-09-480x320.jpg 480w, https:\/\/karateclubmetz.fr\/wp-content\/uploads\/2019\/09\/Championnat-France-Kata-2019-Lille-DB-09.jpg 1200w\" sizes=\"(max-width: 1024px) 100vw, 1024px\" \/><\/figure><div class=\"wp-block-media-text__content\">\n<p> Les&nbsp;<a href=\"https:\/\/www.youtube.com\/watch?v=0MX-FHxbpJ4\" target=\"_blank\" rel=\"noreferrer noopener\" aria-label=\"katas (s\u2019ouvre dans un nouvel onglet)\">katas<\/a>&nbsp;sont des encha\u00eenements de techniques codifi\u00e9es. A chaque passage de ceinture, la r\u00e9alisation d&rsquo;un kata plus \u00e9labor\u00e9 est demand\u00e9 par le professeur.<br>&nbsp;&nbsp;&nbsp;Le kata c&rsquo;est surtout un creuset de techniques et de situations de combat, ce qui en fait une partie tr\u00e8s enrichissante du Karat\u00e9.<br>&nbsp;&nbsp;&nbsp;Pour obtenir la ceinture noire, il faut \u00eatre capable d&rsquo;en r\u00e9aliser 2 sur une liste d\u00e9finie de 8. <\/p>\n<\/div><\/div>\n\n\n<h4><span style=\"color: #ff0000;\">Le karat\u00e9 enfants<\/span><\/h4>\n\n\n<div class=\"wp-block-media-text alignwide\" style=\"grid-template-columns:43% auto\"><figure class=\"wp-block-media-text__media\"><img decoding=\"async\" width=\"1024\" height=\"1024\" src=\"http:\/\/karateclubmetz.fr\/wp-content\/uploads\/2019\/08\/C.-Menne_4-1-1024x1024.jpg\" alt=\"\" class=\"wp-image-94\" srcset=\"https:\/\/karateclubmetz.fr\/wp-content\/uploads\/2019\/08\/C.-Menne_4-1-1024x1024.jpg 1024w, https:\/\/karateclubmetz.fr\/wp-content\/uploads\/2019\/08\/C.-Menne_4-1-150x150.jpg 150w, https:\/\/karateclubmetz.fr\/wp-content\/uploads\/2019\/08\/C.-Menne_4-1-300x300.jpg 300w, https:\/\/karateclubmetz.fr\/wp-content\/uploads\/2019\/08\/C.-Menne_4-1-768x768.jpg 768w, https:\/\/karateclubmetz.fr\/wp-content\/uploads\/2019\/08\/C.-Menne_4-1.jpg 1500w\" sizes=\"(max-width: 1024px) 100vw, 1024px\" \/><\/figure><div class=\"wp-block-media-text__content\">\n<p>Le <a rel=\"noreferrer noopener\" aria-label=\"Karat\u00e9 enfant (s\u2019ouvre dans un nouvel onglet)\" href=\"https:\/\/www.youtube.com\/watch?v=_NZtfRvfnxI\" target=\"_blank\">Karat\u00e9 enfant<\/a> s&rsquo;appuie sur une p\u00e9dagogie adapt\u00e9e.  A travers les valeurs v\u00e9hicul\u00e9es par le code moral et les diverses formes  de pratiques propos\u00e9es en karat\u00e9, les enfants, filles ou gar\u00e7on, sont de plus en plus  nombreux \u00e0 s&rsquo;essayer \u00e0 cette discipline.  Respect de l&rsquo;autre, contr\u00f4le de soi, entre-aide et partage sont des valeurs fortes.  Le karat\u00e9 est un outil extraordinaire pour aider l\u2019enfant \u00e0 s\u2019\u00e9panouir. Il permet de travailler entre autre la lat\u00e9ralisation, la coordination motrice, la souplesse, le d\u00e9veloppement des diff\u00e9rentes qualit\u00e9s  physique, mais aussi&nbsp; la socialisation et la confiance en soi.<br>Le karat\u00e9 contribue donc au d\u00e9veloppement harmonieux de l\u2019enfant tant sur le plan physique que psychique. <\/p>\n<\/div><\/div>\n\n\n<h4><span style=\"color: #ff0000;\">Le Baby Karat\u00e9<\/span><\/h4>\n\n\n<div class=\"wp-block-media-text alignwide has-media-on-the-right\" style=\"grid-template-columns:auto 22%\"><figure class=\"wp-block-media-text__media\"><img loading=\"lazy\" decoding=\"async\" width=\"477\" height=\"700\" src=\"http:\/\/karateclubmetz.fr\/wp-content\/uploads\/2019\/08\/Article-Baby-Karat\u00e9-et-kit-panda-1-477x700.jpg\" alt=\"\" class=\"wp-image-99\" srcset=\"https:\/\/karateclubmetz.fr\/wp-content\/uploads\/2019\/08\/Article-Baby-Karat\u00e9-et-kit-panda-1-477x700.jpg 477w, https:\/\/karateclubmetz.fr\/wp-content\/uploads\/2019\/08\/Article-Baby-Karat\u00e9-et-kit-panda-1-477x700-204x300.jpg 204w\" sizes=\"(max-width: 477px) 100vw, 477px\" \/><\/figure><div class=\"wp-block-media-text__content\">\n<p> Les cours de Baby Karat\u00e9 sont avant tout bas\u00e9s sur le d\u00e9veloppement  psychique, physique et social de l\u2019enfant. L\u2019approche p\u00e9dagogique se  traduit par des exp\u00e9riences motrices (par exemple favoriser l\u2019\u00e9quilibre  et la coordination) ainsi que par le d\u00e9veloppement du sch\u00e9ma corporel  (connaissance du corps), tout en restant sur une pratique ludique.  Des  valeurs citoyennes sont introduites d\u00e8s le Baby Karat\u00e9.  Le Baby Karat\u00e9 intervient sur l\u2019\u00e9panouissement de l\u2019enfant tout en  favorisant le d\u00e9veloppement g\u00e9n\u00e9ral avant d\u2019aborder l\u2019approche  sp\u00e9cifique du karat\u00e9. <\/p>\n<\/div><\/div>\n\n\n<h4><span style=\"color: #ff0000;\">Le Body Karat\u00e9<\/span><\/h4>\n\n\n<div class=\"wp-block-media-text alignwide\"><figure class=\"wp-block-media-text__media\"><img loading=\"lazy\" decoding=\"async\" width=\"720\" height=\"405\" src=\"http:\/\/karateclubmetz.fr\/wp-content\/uploads\/2019\/08\/body-1.jpg\" alt=\"\" class=\"wp-image-90\" srcset=\"https:\/\/karateclubmetz.fr\/wp-content\/uploads\/2019\/08\/body-1.jpg 720w, https:\/\/karateclubmetz.fr\/wp-content\/uploads\/2019\/08\/body-1-300x169.jpg 300w\" sizes=\"(max-width: 720px) 100vw, 720px\" \/><\/figure><div class=\"wp-block-media-text__content\">\n<p>Le <a rel=\"noreferrer noopener\" aria-label=\"Body karat\u00e9 (s\u2019ouvre dans un nouvel onglet)\" href=\"https:\/\/www.youtube.com\/watch?v=8rPpujUs_yc\" target=\"_blank\">Body karat\u00e9<\/a>, d\u00e9velopp\u00e9e par la F\u00e9d\u00e9ration Fran\u00e7aise de Karat\u00e9  depuis le d\u00e9but des ann\u00e9es 2000, est pratiqu\u00e9e \u00e0 90 % par des femmes.  Le Body Karat\u00e9 peut \u00e9galement \u00eatre pratiqu\u00e9 par les hommes !  L\u2019avantage de ce cours est qu\u2019il n\u2019y a <strong>pas besoin d\u2019\u00eatre pratiquant de Karat\u00e9 pour en retirer tous les bienfaits<\/strong>.   La pratique est s\u00fbre puisqu\u2019elle ne repose sur aucune  opposition physique. Il n\u2019y a donc <strong>aucun risque de blessure<\/strong> suite \u00e0 un coup non contr\u00f4l\u00e9 par un partenaire.  \u00e0 toutes et tous, du d\u00e9butant au  confirm\u00e9.  Le tout est ex\u00e9cut\u00e9 en rythme sur une musique moderne, entra\u00eenante et dynamique, ce qui rend l\u2019effort sportif motivant. <\/p>\n<\/div><\/div>\n\n\n<h4><span style=\"color: #ff0000;\">Le Karat\u00e9 D\u00e9fense Training<\/span><\/h4>\n\n\n<div class=\"wp-block-media-text alignwide has-media-on-the-right\"><figure class=\"wp-block-media-text__media\"><img loading=\"lazy\" decoding=\"async\" width=\"474\" height=\"266\" src=\"http:\/\/karateclubmetz.fr\/wp-content\/uploads\/2019\/08\/karate_training.jpg\" alt=\"\" class=\"wp-image-101\" srcset=\"https:\/\/karateclubmetz.fr\/wp-content\/uploads\/2019\/08\/karate_training.jpg 474w, https:\/\/karateclubmetz.fr\/wp-content\/uploads\/2019\/08\/karate_training-300x168.jpg 300w\" sizes=\"(max-width: 474px) 100vw, 474px\" \/><\/figure><div class=\"wp-block-media-text__content\">\n<p>Le <a rel=\"noreferrer noopener\" aria-label=\"Karat\u00e9 D\u00e9fense Training (s\u2019ouvre dans un nouvel onglet)\" href=\"https:\/\/www.youtube.com\/watch?v=8WgJvTOE88c\" target=\"_blank\">Karat\u00e9 D\u00e9fense Training<\/a> est une <strong>m\u00e9thode efficace et dynamique de  d\u00e9fense<\/strong> issue de l\u2019exp\u00e9rience de la pratique du Karat\u00e9 et de son  efficacit\u00e9. Elle est&nbsp;constitu\u00e9e de plusieurs modules : module percussions, action\/r\u00e9action et mise en situation et amen\u00e9 au sol.<\/p>\n\n\n\n<p><strong>Convient aux pratiquants souhaitant apprendre \u00e0 se d\u00e9fendre rapidement sans contraintes techniques ni conventionnelles.<\/strong><\/p>\n<\/div><\/div>\n","protected":false},"excerpt":{"rendered":"<p>Les combats &nbsp;Les&nbsp;combats&nbsp;sont l&rsquo;aspect sportif du karat\u00e9. Ils ne sont autoris\u00e9s en comp\u00e9tition qu&rsquo;\u00e0 partir de la cat\u00e9gorie pupille o\u00f9 il s&rsquo;agira [&hellip;]<\/p>\n","protected":false},"author":1,"featured_media":0,"parent":0,"menu_order":0,"comment_status":"closed","ping_status":"closed","template":"","meta":{"footnotes":""},"class_list":["post-24","page","type-page","status-publish","hentry"],"yoast_head":"<!-- This site is optimized with the Yoast SEO plugin v23.3 - https:\/\/yoast.com\/wordpress\/plugins\/seo\/ -->\n<title>Activit\u00e9s du club - Karat\u00e9 Club de Metz<\/title>\n<meta name=\"robots\" content=\"index, follow, max-snippet:-1, max-image-preview:large, max-video-preview:-1\" \/>\n<link rel=\"canonical\" href=\"https:\/\/karateclubmetz.fr\/?page_id=24\" \/>\n<meta property=\"og:locale\" content=\"fr_FR\" \/>\n<meta property=\"og:type\" content=\"article\" \/>\n<meta property=\"og:title\" content=\"Activit\u00e9s du club - Karat\u00e9 Club de Metz\" \/>\n<meta property=\"og:description\" content=\"Les combats &nbsp;Les&nbsp;combats&nbsp;sont l&rsquo;aspect sportif du karat\u00e9. Ils ne sont autoris\u00e9s en comp\u00e9tition qu&rsquo;\u00e0 partir de la cat\u00e9gorie pupille o\u00f9 il s&rsquo;agira [&hellip;]\" \/>\n<meta property=\"og:url\" content=\"https:\/\/karateclubmetz.fr\/?page_id=24\" \/>\n<meta property=\"og:site_name\" content=\"Karat\u00e9 Club de Metz\" \/>\n<meta property=\"article:publisher\" content=\"http:\/\/www.facebook.com\/group.php?gid=107459822611766\" \/>\n<meta property=\"article:modified_time\" content=\"2019-09-16T15:22:01+00:00\" \/>\n<meta property=\"og:image\" content=\"http:\/\/karateclubmetz.fr\/wp-content\/uploads\/2019\/09\/Championnat-France-Combats-2019-equipes-DB-11-1024x683.jpg\" \/>\n<meta name=\"twitter:card\" content=\"summary_large_image\" \/>\n<meta name=\"twitter:label1\" content=\"Dur\u00e9e de lecture estim\u00e9e\" \/>\n\t<meta name=\"twitter:data1\" content=\"3 minutes\" \/>\n<script type=\"application\/ld+json\" class=\"yoast-schema-graph\">{\"@context\":\"https:\/\/schema.org\",\"@graph\":[{\"@type\":\"WebPage\",\"@id\":\"https:\/\/karateclubmetz.fr\/?page_id=24\",\"url\":\"https:\/\/karateclubmetz.fr\/?page_id=24\",\"name\":\"Activit\u00e9s du club - Karat\u00e9 Club de Metz\",\"isPartOf\":{\"@id\":\"https:\/\/karateclubmetz.fr\/#website\"},\"primaryImageOfPage\":{\"@id\":\"https:\/\/karateclubmetz.fr\/?page_id=24#primaryimage\"},\"image\":{\"@id\":\"https:\/\/karateclubmetz.fr\/?page_id=24#primaryimage\"},\"thumbnailUrl\":\"http:\/\/karateclubmetz.fr\/wp-content\/uploads\/2019\/09\/Championnat-France-Combats-2019-equipes-DB-11-1024x683.jpg\",\"datePublished\":\"2019-08-30T07:58:18+00:00\",\"dateModified\":\"2019-09-16T15:22:01+00:00\",\"breadcrumb\":{\"@id\":\"https:\/\/karateclubmetz.fr\/?page_id=24#breadcrumb\"},\"inLanguage\":\"fr-FR\",\"potentialAction\":[{\"@type\":\"ReadAction\",\"target\":[\"https:\/\/karateclubmetz.fr\/?page_id=24\"]}]},{\"@type\":\"ImageObject\",\"inLanguage\":\"fr-FR\",\"@id\":\"https:\/\/karateclubmetz.fr\/?page_id=24#primaryimage\",\"url\":\"http:\/\/karateclubmetz.fr\/wp-content\/uploads\/2019\/09\/Championnat-France-Combats-2019-equipes-DB-11-1024x683.jpg\",\"contentUrl\":\"http:\/\/karateclubmetz.fr\/wp-content\/uploads\/2019\/09\/Championnat-France-Combats-2019-equipes-DB-11-1024x683.jpg\"},{\"@type\":\"BreadcrumbList\",\"@id\":\"https:\/\/karateclubmetz.fr\/?page_id=24#breadcrumb\",\"itemListElement\":[{\"@type\":\"ListItem\",\"position\":1,\"name\":\"Accueil\",\"item\":\"https:\/\/karateclubmetz.fr\/\"},{\"@type\":\"ListItem\",\"position\":2,\"name\":\"Activit\u00e9s du club\"}]},{\"@type\":\"WebSite\",\"@id\":\"https:\/\/karateclubmetz.fr\/#website\",\"url\":\"https:\/\/karateclubmetz.fr\/\",\"name\":\"Karat\u00e9 Club de Metz\",\"description\":\"Le Karat\u00e9 est dans tout ce que vous faites, L\u00e0 est la beaut\u00e9 du travail\",\"publisher\":{\"@id\":\"https:\/\/karateclubmetz.fr\/#organization\"},\"potentialAction\":[{\"@type\":\"SearchAction\",\"target\":{\"@type\":\"EntryPoint\",\"urlTemplate\":\"https:\/\/karateclubmetz.fr\/?s={search_term_string}\"},\"query-input\":\"required name=search_term_string\"}],\"inLanguage\":\"fr-FR\"},{\"@type\":\"Organization\",\"@id\":\"https:\/\/karateclubmetz.fr\/#organization\",\"name\":\"Karat\u00e9 Club de Metz\",\"url\":\"https:\/\/karateclubmetz.fr\/\",\"logo\":{\"@type\":\"ImageObject\",\"inLanguage\":\"fr-FR\",\"@id\":\"https:\/\/karateclubmetz.fr\/#\/schema\/logo\/image\/\",\"url\":\"https:\/\/karateclubmetz.fr\/wp-content\/uploads\/2019\/09\/logo_kcm.jpg\",\"contentUrl\":\"https:\/\/karateclubmetz.fr\/wp-content\/uploads\/2019\/09\/logo_kcm.jpg\",\"width\":157,\"height\":157,\"caption\":\"Karat\u00e9 Club de Metz\"},\"image\":{\"@id\":\"https:\/\/karateclubmetz.fr\/#\/schema\/logo\/image\/\"},\"sameAs\":[\"http:\/\/www.facebook.com\/group.php?gid=107459822611766\",\"https:\/\/instagram.com\/karate_club_de_metz?igshid=181ca0zciwjvq\",\"https:\/\/www.youtube.com\/watch?v=nm26u2MIRwY\"]}]}<\/script>\n<!-- \/ Yoast SEO plugin. -->","yoast_head_json":{"title":"Activit\u00e9s du club - Karat\u00e9 Club de Metz","robots":{"index":"index","follow":"follow","max-snippet":"max-snippet:-1","max-image-preview":"max-image-preview:large","max-video-preview":"max-video-preview:-1"},"canonical":"https:\/\/karateclubmetz.fr\/?page_id=24","og_locale":"fr_FR","og_type":"article","og_title":"Activit\u00e9s du club - Karat\u00e9 Club de Metz","og_description":"Les combats &nbsp;Les&nbsp;combats&nbsp;sont l&rsquo;aspect sportif du karat\u00e9. Ils ne sont autoris\u00e9s en comp\u00e9tition qu&rsquo;\u00e0 partir de la cat\u00e9gorie pupille o\u00f9 il s&rsquo;agira [&hellip;]","og_url":"https:\/\/karateclubmetz.fr\/?page_id=24","og_site_name":"Karat\u00e9 Club de Metz","article_publisher":"http:\/\/www.facebook.com\/group.php?gid=107459822611766","article_modified_time":"2019-09-16T15:22:01+00:00","og_image":[{"url":"http:\/\/karateclubmetz.fr\/wp-content\/uploads\/2019\/09\/Championnat-France-Combats-2019-equipes-DB-11-1024x683.jpg"}],"twitter_card":"summary_large_image","twitter_misc":{"Dur\u00e9e de lecture estim\u00e9e":"3 minutes"},"schema":{"@context":"https:\/\/schema.org","@graph":[{"@type":"WebPage","@id":"https:\/\/karateclubmetz.fr\/?page_id=24","url":"https:\/\/karateclubmetz.fr\/?page_id=24","name":"Activit\u00e9s du club - Karat\u00e9 Club de Metz","isPartOf":{"@id":"https:\/\/karateclubmetz.fr\/#website"},"primaryImageOfPage":{"@id":"https:\/\/karateclubmetz.fr\/?page_id=24#primaryimage"},"image":{"@id":"https:\/\/karateclubmetz.fr\/?page_id=24#primaryimage"},"thumbnailUrl":"http:\/\/karateclubmetz.fr\/wp-content\/uploads\/2019\/09\/Championnat-France-Combats-2019-equipes-DB-11-1024x683.jpg","datePublished":"2019-08-30T07:58:18+00:00","dateModified":"2019-09-16T15:22:01+00:00","breadcrumb":{"@id":"https:\/\/karateclubmetz.fr\/?page_id=24#breadcrumb"},"inLanguage":"fr-FR","potentialAction":[{"@type":"ReadAction","target":["https:\/\/karateclubmetz.fr\/?page_id=24"]}]},{"@type":"ImageObject","inLanguage":"fr-FR","@id":"https:\/\/karateclubmetz.fr\/?page_id=24#primaryimage","url":"http:\/\/karateclubmetz.fr\/wp-content\/uploads\/2019\/09\/Championnat-France-Combats-2019-equipes-DB-11-1024x683.jpg","contentUrl":"http:\/\/karateclubmetz.fr\/wp-content\/uploads\/2019\/09\/Championnat-France-Combats-2019-equipes-DB-11-1024x683.jpg"},{"@type":"BreadcrumbList","@id":"https:\/\/karateclubmetz.fr\/?page_id=24#breadcrumb","itemListElement":[{"@type":"ListItem","position":1,"name":"Accueil","item":"https:\/\/karateclubmetz.fr\/"},{"@type":"ListItem","position":2,"name":"Activit\u00e9s du club"}]},{"@type":"WebSite","@id":"https:\/\/karateclubmetz.fr\/#website","url":"https:\/\/karateclubmetz.fr\/","name":"Karat\u00e9 Club de Metz","description":"Le Karat\u00e9 est dans tout ce que vous faites, L\u00e0 est la beaut\u00e9 du travail","publisher":{"@id":"https:\/\/karateclubmetz.fr\/#organization"},"potentialAction":[{"@type":"SearchAction","target":{"@type":"EntryPoint","urlTemplate":"https:\/\/karateclubmetz.fr\/?s={search_term_string}"},"query-input":"required name=search_term_string"}],"inLanguage":"fr-FR"},{"@type":"Organization","@id":"https:\/\/karateclubmetz.fr\/#organization","name":"Karat\u00e9 Club de Metz","url":"https:\/\/karateclubmetz.fr\/","logo":{"@type":"ImageObject","inLanguage":"fr-FR","@id":"https:\/\/karateclubmetz.fr\/#\/schema\/logo\/image\/","url":"https:\/\/karateclubmetz.fr\/wp-content\/uploads\/2019\/09\/logo_kcm.jpg","contentUrl":"https:\/\/karateclubmetz.fr\/wp-content\/uploads\/2019\/09\/logo_kcm.jpg","width":157,"height":157,"caption":"Karat\u00e9 Club de Metz"},"image":{"@id":"https:\/\/karateclubmetz.fr\/#\/schema\/logo\/image\/"},"sameAs":["http:\/\/www.facebook.com\/group.php?gid=107459822611766","https:\/\/instagram.com\/karate_club_de_metz?igshid=181ca0zciwjvq","https:\/\/www.youtube.com\/watch?v=nm26u2MIRwY"]}]}},"_links":{"self":[{"href":"https:\/\/karateclubmetz.fr\/index.php?rest_route=\/wp\/v2\/pages\/24"}],"collection":[{"href":"https:\/\/karateclubmetz.fr\/index.php?rest_route=\/wp\/v2\/pages"}],"about":[{"href":"https:\/\/karateclubmetz.fr\/index.php?rest_route=\/wp\/v2\/types\/page"}],"author":[{"embeddable":true,"href":"https:\/\/karateclubmetz.fr\/index.php?rest_route=\/wp\/v2\/users\/1"}],"replies":[{"embeddable":true,"href":"https:\/\/karateclubmetz.fr\/index.php?rest_route=%2Fwp%2Fv2%2Fcomments&post=24"}],"version-history":[{"count":3,"href":"https:\/\/karateclubmetz.fr\/index.php?rest_route=\/wp\/v2\/pages\/24\/revisions"}],"predecessor-version":[{"id":251,"href":"https:\/\/karateclubmetz.fr\/index.php?rest_route=\/wp\/v2\/pages\/24\/revisions\/251"}],"wp:attachment":[{"href":"https:\/\/karateclubmetz.fr\/index.php?rest_route=%2Fwp%2Fv2%2Fmedia&parent=24"}],"curies":[{"name":"wp","href":"https:\/\/api.w.org\/{rel}","templated":true}]}}