{"id":344,"date":"2019-09-22T23:50:28","date_gmt":"2019-09-22T21:50:28","guid":{"rendered":"http:\/\/karateclubmetz.fr\/?page_id=344"},"modified":"2019-09-22T23:51:25","modified_gmt":"2019-09-22T21:51:25","slug":"le-code-moral","status":"publish","type":"page","link":"https:\/\/karateclubmetz.fr\/?page_id=344","title":{"rendered":"Le Code Moral"},"content":{"rendered":"\t\t<div data-elementor-type=\"wp-page\" data-elementor-id=\"344\" class=\"elementor elementor-344\">\n\t\t\t\t\t\t<section class=\"elementor-section elementor-top-section elementor-element elementor-element-e9ebfc8 elementor-section-boxed elementor-section-height-default elementor-section-height-default\" data-id=\"e9ebfc8\" data-element_type=\"section\">\n\t\t\t\t\t\t<div class=\"elementor-container elementor-column-gap-default\">\n\t\t\t\t\t<div class=\"elementor-column elementor-col-100 elementor-top-column elementor-element elementor-element-0c58284\" data-id=\"0c58284\" data-element_type=\"column\">\n\t\t\t<div class=\"elementor-widget-wrap elementor-element-populated\">\n\t\t\t\t\t\t<div class=\"elementor-element elementor-element-e504ad2 elementor-widget elementor-widget-text-editor\" data-id=\"e504ad2\" data-element_type=\"widget\" data-widget_type=\"text-editor.default\">\n\t\t\t\t<div class=\"elementor-widget-container\">\n\t\t\t\t\t\t\t<p>Dans les arts martiaux, le code moral est un condens\u00e9 du Bushido, la voie du guerrier, code d&rsquo;honneur et de morale traditionnelle qui r\u00e9git l&rsquo;ensemble des arts de combat. C&rsquo;est le respect formel du code moral que l&rsquo;on s&rsquo;est choisi. Il faut savoir que chaque pratiquant qui atteint le niveau de ceinture noire 1er dan devient l&rsquo;ambassadeur du bushido, code d&rsquo;honneur et de morale traditionnelle qui r\u00e9git l&rsquo;ensemble du Budo.<\/p><p>La F\u00e9d\u00e9ration Fran\u00e7aise de Karat\u00e9 a \u00e9dit\u00e9 une version modernis\u00e9e et adapt\u00e9e \u00e0 la pratique du karat\u00e9.<\/p>\t\t\t\t\t\t<\/div>\n\t\t\t\t<\/div>\n\t\t\t\t\t<\/div>\n\t\t<\/div>\n\t\t\t\t\t<\/div>\n\t\t<\/section>\n\t\t\t\t<section class=\"elementor-section elementor-top-section elementor-element elementor-element-fe1769f elementor-section-boxed elementor-section-height-default elementor-section-height-default\" data-id=\"fe1769f\" data-element_type=\"section\">\n\t\t\t\t\t\t<div class=\"elementor-container elementor-column-gap-default\">\n\t\t\t\t\t<div class=\"elementor-column elementor-col-100 elementor-top-column elementor-element elementor-element-793035d\" data-id=\"793035d\" data-element_type=\"column\">\n\t\t\t<div class=\"elementor-widget-wrap elementor-element-populated\">\n\t\t\t\t\t\t<div class=\"elementor-element elementor-element-8031c2a elementor-widget elementor-widget-spacer\" data-id=\"8031c2a\" data-element_type=\"widget\" data-widget_type=\"spacer.default\">\n\t\t\t\t<div class=\"elementor-widget-container\">\n\t\t\t\t\t<div class=\"elementor-spacer\">\n\t\t\t<div class=\"elementor-spacer-inner\"><\/div>\n\t\t<\/div>\n\t\t\t\t<\/div>\n\t\t\t\t<\/div>\n\t\t\t\t\t<\/div>\n\t\t<\/div>\n\t\t\t\t\t<\/div>\n\t\t<\/section>\n\t\t\t\t<section class=\"elementor-section elementor-top-section elementor-element elementor-element-15eec18 elementor-section-boxed elementor-section-height-default elementor-section-height-default\" data-id=\"15eec18\" data-element_type=\"section\">\n\t\t\t\t\t\t<div class=\"elementor-container elementor-column-gap-default\">\n\t\t\t\t\t<div class=\"elementor-column elementor-col-100 elementor-top-column elementor-element elementor-element-3a701f9\" data-id=\"3a701f9\" data-element_type=\"column\">\n\t\t\t<div class=\"elementor-widget-wrap elementor-element-populated\">\n\t\t\t\t\t\t<div class=\"elementor-element elementor-element-f2a722e elementor-widget elementor-widget-image\" data-id=\"f2a722e\" data-element_type=\"widget\" data-widget_type=\"image.default\">\n\t\t\t\t<div class=\"elementor-widget-container\">\n\t\t\t\t\t\t\t\t\t\t\t\t\t<img fetchpriority=\"high\" decoding=\"async\" width=\"595\" height=\"931\" src=\"https:\/\/karateclubmetz.fr\/wp-content\/uploads\/2019\/09\/code-moral-2.jpg\" class=\"attachment-large size-large wp-image-346\" alt=\"\" srcset=\"https:\/\/karateclubmetz.fr\/wp-content\/uploads\/2019\/09\/code-moral-2.jpg 595w, https:\/\/karateclubmetz.fr\/wp-content\/uploads\/2019\/09\/code-moral-2-192x300.jpg 192w, https:\/\/karateclubmetz.fr\/wp-content\/uploads\/2019\/09\/code-moral-2-230x360.jpg 230w, https:\/\/karateclubmetz.fr\/wp-content\/uploads\/2019\/09\/code-moral-2-350x548.jpg 350w, https:\/\/karateclubmetz.fr\/wp-content\/uploads\/2019\/09\/code-moral-2-480x751.jpg 480w\" sizes=\"(max-width: 595px) 100vw, 595px\" \/>\t\t\t\t\t\t\t\t\t\t\t\t\t<\/div>\n\t\t\t\t<\/div>\n\t\t\t\t\t<\/div>\n\t\t<\/div>\n\t\t\t\t\t<\/div>\n\t\t<\/section>\n\t\t\t\t<section class=\"elementor-section elementor-top-section elementor-element elementor-element-f3a7b9e elementor-section-boxed elementor-section-height-default elementor-section-height-default\" data-id=\"f3a7b9e\" data-element_type=\"section\">\n\t\t\t\t\t\t<div class=\"elementor-container elementor-column-gap-default\">\n\t\t\t\t\t<div class=\"elementor-column elementor-col-100 elementor-top-column elementor-element elementor-element-ef742cf\" data-id=\"ef742cf\" data-element_type=\"column\">\n\t\t\t<div class=\"elementor-widget-wrap elementor-element-populated\">\n\t\t\t\t\t\t<div class=\"elementor-element elementor-element-e759a83 elementor-widget elementor-widget-spacer\" data-id=\"e759a83\" data-element_type=\"widget\" data-widget_type=\"spacer.default\">\n\t\t\t\t<div class=\"elementor-widget-container\">\n\t\t\t\t\t<div class=\"elementor-spacer\">\n\t\t\t<div class=\"elementor-spacer-inner\"><\/div>\n\t\t<\/div>\n\t\t\t\t<\/div>\n\t\t\t\t<\/div>\n\t\t\t\t\t<\/div>\n\t\t<\/div>\n\t\t\t\t\t<\/div>\n\t\t<\/section>\n\t\t\t\t<section class=\"elementor-section elementor-top-section elementor-element elementor-element-734067c elementor-section-boxed elementor-section-height-default elementor-section-height-default\" data-id=\"734067c\" data-element_type=\"section\">\n\t\t\t\t\t\t<div class=\"elementor-container elementor-column-gap-default\">\n\t\t\t\t\t<div class=\"elementor-column elementor-col-100 elementor-top-column elementor-element elementor-element-a678ebc\" data-id=\"a678ebc\" data-element_type=\"column\">\n\t\t\t<div class=\"elementor-widget-wrap elementor-element-populated\">\n\t\t\t\t\t\t<div class=\"elementor-element elementor-element-1573c2d elementor-widget elementor-widget-text-editor\" data-id=\"1573c2d\" data-element_type=\"widget\" data-widget_type=\"text-editor.default\">\n\t\t\t\t<div class=\"elementor-widget-container\">\n\t\t\t\t\t\t\t<p>Le Code Moral issu du bushido se d\u00e9cline en 9 vertues.<\/p><h6>L\u2019HONNEUR : <span class=\"Style2\">MEIYO<\/span><\/h6><p>L\u2019honneur conditionne notre attitude et mani\u00e8re d\u2019\u00eatre vis \u00e0 vis des autres. C\u2019est la qualit\u00e9 essentielle. Nul ne peut se pr\u00e9tendre Budoka (guerrier au sens noble du terme) s\u2019il n\u2019a pas une conduite honorable. Du sens de l\u2019honneur d\u00e9coulent toutes les autres vertus. Il exige le respect du code moral et la poursuite d\u2019un id\u00e9al, de mani\u00e8re \u00e0 toujours avoir un<br \/>comportement digne et respectable.<\/p><h6>LA FID\u00c9LIT\u00c9 : <span class=\"Style2\">CHUJITSU<\/span><\/h6><p>Il n\u2019y a pas d\u2019honneur sans fid\u00e9lit\u00e9 et loyaut\u00e9 \u00e0 l\u2019\u00e9gard de certains id\u00e9aux et de ceux qui les partagent. La fid\u00e9lit\u00e9 symbolise la n\u00e9cessit\u00e9 incontournable de tenir ses promesses et remplir ses engagements. La fid\u00e9lit\u00e9 n\u00e9cessite la sinc\u00e9rit\u00e9 dans les paroles et dans les actes.<\/p><h6>LA SINC\u00c9RIT\u00c9 : <span class=\"Style2\">SEIJITSU<\/span><\/h6><p>Lors du salut du karat\u00e9ka, vous exprimez cette sinc\u00e9rit\u00e9. Le mensonge et l\u2019\u00e9quivoque engendrent la suspicion qui est la source de toutes les d\u00e9sunions. Dans les Arts Martiaux, le salut est l\u2019expression de cette sinc\u00e9rit\u00e9, c\u2019est le signe de celui qui ne d\u00e9guise ni ses sentiments, ni ses pens\u00e9es, de celui qui sait \u00eatre authentique.<\/p><h6>LE COURAGE : <span class=\"Style2\">YUUKAN<\/span><\/h6><p>La force d\u2019\u00e2me qui fait braver le danger et la souffrance s\u2019appelle le courage. Ce courage qui nous pousse \u00e0 faire respecter, en toutes circonstances, ce qui nous para\u00eet juste, et qui nous permet, malgr\u00e9 nos peurs et nos craintes, d\u2019affronter toutes les \u00e9preuves. La bravoure, l\u2019ardeur et surtout la volont\u00e9 sont les supports de ce courage.<\/p><h6>LA BONT\u00c9 et LA BIENVEILLANCE : <span class=\"Style2\">SHINSETSU<\/span><\/h6><p>La bont\u00e9 et la bienveillance sont des marques de courage qui d\u00e9notent une haute humanit\u00e9. Elles nous poussent \u00e0 l\u2019entraide, \u00e0 \u00eatre attentif \u00e0 notre prochain et \u00e0 notre environnement, \u00e0 \u00eatre respectueux de la vie.<\/p><h6>LA MODESTIE et L\u2019 HUMILIT\u00c9 : <span class=\"Style2\">KEN<\/span><\/h6><p>Si le budoka devient l\u2019ambassadeur du code moral, il se doit de rester humble et ne pas flatter son ego. L\u2019orgueil et la vanit\u00e9 freinent consid\u00e9rablement l\u2019apprentissage de ce code moral. La bont\u00e9 et la bienveillance ne peuvent s\u2019exprimer sinc\u00e8rement sans mod\u00e9ration dans l\u2019appr\u00e9ciation de soi-m\u00eame. Savoir \u00eatre humble, exempt d\u2019orgueil et de vanit\u00e9, sans faux-semblant est le seul garant de la modestie.<\/p><h6>LA DROITURE : <span class=\"Style2\">TADASHI<\/span><\/h6><p>C\u2019est suivre la ligne du devoir, sans jamais s\u2019en \u00e9carter. Loyaut\u00e9, honn\u00eatet\u00e9 et sinc\u00e9rit\u00e9 sont les piliers de cette droiture. Elles nous permettent de prendre sans aucune faiblesse une d\u00e9cision juste et raisonnable. La droiture engendre le respect \u00e0 l\u2019\u00e9gard des autres et de la part des autres. La politesse et l\u2019expression de ce respect d\u00fb \u00e0 autrui.<\/p><h6>LE RESPECT : <span class=\"Style2\">SONCHOO<\/span><\/h6><p>La droiture engendre le respect \u00e0 l\u2019\u00e9gard des autres et de la part des autres. Respecter le sacr\u00e9 est le premier devoir d\u2019un budoka. Quelles que soient ses qualit\u00e9s, ses faiblesses ou sa position sociale. Savoir traiter les personnes et les choses avec d\u00e9f\u00e9rence et respecter le sacr\u00e9 est le premier devoir d\u2019un Budoka car cela permet d\u2019\u00e9viter de nombreuses querelles et conflits.<\/p><h6>LE CONTR\u00d4LE DE SOI : <span class=\"Style2\">SEIGYO<\/span><\/h6><p>Cela doit \u00eatre la qualit\u00e9 essentielle de toute ceinture noire. Il repr\u00e9sente la possibilit\u00e9 de ma\u00eetriser nos sentiments, nos pulsions et de contr\u00f4ler notre instinct. C\u2019est l\u2019un des principaux objectifs de la pratique des Arts Martiaux car, il conditionne toute notre efficacit\u00e9. Le code d\u2019honneur et de la morale traditionnelle enseign\u00e9e dans les disciplines du Bushido est bas\u00e9 sur l\u2019acquisition de cette ma\u00eetrise. Il repr\u00e9sente la facult\u00e9 de toute ceinture noire \u00e0 ma\u00eetriser n\u2019importe quelle situation et ma\u00eetriser son instinct. Une grande partie de l\u2019apprentissage du karat\u00e9 est bas\u00e9 sur cette vertu. Elle conditionne notre efficacit\u00e9.<\/p>\t\t\t\t\t\t<\/div>\n\t\t\t\t<\/div>\n\t\t\t\t\t<\/div>\n\t\t<\/div>\n\t\t\t\t\t<\/div>\n\t\t<\/section>\n\t\t\t\t<\/div>\n\t\t","protected":false},"excerpt":{"rendered":"<p>Dans les arts martiaux, le code moral est un condens\u00e9 du Bushido, la voie du guerrier, code d&rsquo;honneur et de morale traditionnelle [&hellip;]<\/p>\n","protected":false},"author":1,"featured_media":0,"parent":0,"menu_order":0,"comment_status":"closed","ping_status":"closed","template":"","meta":{"footnotes":""},"class_list":["post-344","page","type-page","status-publish","hentry"],"yoast_head":"<!-- This site is optimized with the Yoast SEO plugin v23.3 - https:\/\/yoast.com\/wordpress\/plugins\/seo\/ -->\n<title>Le Code Moral - Karat\u00e9 Club de Metz<\/title>\n<meta name=\"robots\" content=\"index, follow, max-snippet:-1, max-image-preview:large, max-video-preview:-1\" \/>\n<link rel=\"canonical\" href=\"https:\/\/karateclubmetz.fr\/?page_id=344\" \/>\n<meta property=\"og:locale\" content=\"fr_FR\" \/>\n<meta property=\"og:type\" content=\"article\" \/>\n<meta property=\"og:title\" content=\"Le Code Moral - Karat\u00e9 Club de Metz\" \/>\n<meta property=\"og:description\" content=\"Dans les arts martiaux, le code moral est un condens\u00e9 du Bushido, la voie du guerrier, code d&rsquo;honneur et de morale traditionnelle [&hellip;]\" \/>\n<meta property=\"og:url\" content=\"https:\/\/karateclubmetz.fr\/?page_id=344\" \/>\n<meta property=\"og:site_name\" content=\"Karat\u00e9 Club de Metz\" \/>\n<meta property=\"article:publisher\" content=\"http:\/\/www.facebook.com\/group.php?gid=107459822611766\" \/>\n<meta property=\"article:modified_time\" content=\"2019-09-22T21:51:25+00:00\" \/>\n<meta property=\"og:image\" content=\"http:\/\/karateclubmetz.fr\/wp-content\/uploads\/2019\/09\/code-moral-2.jpg\" \/>\n<meta name=\"twitter:card\" content=\"summary_large_image\" \/>\n<meta name=\"twitter:label1\" content=\"Dur\u00e9e de lecture estim\u00e9e\" \/>\n\t<meta name=\"twitter:data1\" content=\"4 minutes\" \/>\n<script type=\"application\/ld+json\" class=\"yoast-schema-graph\">{\"@context\":\"https:\/\/schema.org\",\"@graph\":[{\"@type\":\"WebPage\",\"@id\":\"https:\/\/karateclubmetz.fr\/?page_id=344\",\"url\":\"https:\/\/karateclubmetz.fr\/?page_id=344\",\"name\":\"Le Code Moral - Karat\u00e9 Club de Metz\",\"isPartOf\":{\"@id\":\"https:\/\/karateclubmetz.fr\/#website\"},\"primaryImageOfPage\":{\"@id\":\"https:\/\/karateclubmetz.fr\/?page_id=344#primaryimage\"},\"image\":{\"@id\":\"https:\/\/karateclubmetz.fr\/?page_id=344#primaryimage\"},\"thumbnailUrl\":\"http:\/\/karateclubmetz.fr\/wp-content\/uploads\/2019\/09\/code-moral-2.jpg\",\"datePublished\":\"2019-09-22T21:50:28+00:00\",\"dateModified\":\"2019-09-22T21:51:25+00:00\",\"breadcrumb\":{\"@id\":\"https:\/\/karateclubmetz.fr\/?page_id=344#breadcrumb\"},\"inLanguage\":\"fr-FR\",\"potentialAction\":[{\"@type\":\"ReadAction\",\"target\":[\"https:\/\/karateclubmetz.fr\/?page_id=344\"]}]},{\"@type\":\"ImageObject\",\"inLanguage\":\"fr-FR\",\"@id\":\"https:\/\/karateclubmetz.fr\/?page_id=344#primaryimage\",\"url\":\"http:\/\/karateclubmetz.fr\/wp-content\/uploads\/2019\/09\/code-moral-2.jpg\",\"contentUrl\":\"http:\/\/karateclubmetz.fr\/wp-content\/uploads\/2019\/09\/code-moral-2.jpg\"},{\"@type\":\"BreadcrumbList\",\"@id\":\"https:\/\/karateclubmetz.fr\/?page_id=344#breadcrumb\",\"itemListElement\":[{\"@type\":\"ListItem\",\"position\":1,\"name\":\"Accueil\",\"item\":\"https:\/\/karateclubmetz.fr\/\"},{\"@type\":\"ListItem\",\"position\":2,\"name\":\"Le Code Moral\"}]},{\"@type\":\"WebSite\",\"@id\":\"https:\/\/karateclubmetz.fr\/#website\",\"url\":\"https:\/\/karateclubmetz.fr\/\",\"name\":\"Karat\u00e9 Club de Metz\",\"description\":\"Le Karat\u00e9 est dans tout ce que vous faites, L\u00e0 est la beaut\u00e9 du travail\",\"publisher\":{\"@id\":\"https:\/\/karateclubmetz.fr\/#organization\"},\"potentialAction\":[{\"@type\":\"SearchAction\",\"target\":{\"@type\":\"EntryPoint\",\"urlTemplate\":\"https:\/\/karateclubmetz.fr\/?s={search_term_string}\"},\"query-input\":\"required name=search_term_string\"}],\"inLanguage\":\"fr-FR\"},{\"@type\":\"Organization\",\"@id\":\"https:\/\/karateclubmetz.fr\/#organization\",\"name\":\"Karat\u00e9 Club de Metz\",\"url\":\"https:\/\/karateclubmetz.fr\/\",\"logo\":{\"@type\":\"ImageObject\",\"inLanguage\":\"fr-FR\",\"@id\":\"https:\/\/karateclubmetz.fr\/#\/schema\/logo\/image\/\",\"url\":\"https:\/\/karateclubmetz.fr\/wp-content\/uploads\/2019\/09\/logo_kcm.jpg\",\"contentUrl\":\"https:\/\/karateclubmetz.fr\/wp-content\/uploads\/2019\/09\/logo_kcm.jpg\",\"width\":157,\"height\":157,\"caption\":\"Karat\u00e9 Club de Metz\"},\"image\":{\"@id\":\"https:\/\/karateclubmetz.fr\/#\/schema\/logo\/image\/\"},\"sameAs\":[\"http:\/\/www.facebook.com\/group.php?gid=107459822611766\",\"https:\/\/instagram.com\/karate_club_de_metz?igshid=181ca0zciwjvq\",\"https:\/\/www.youtube.com\/watch?v=nm26u2MIRwY\"]}]}<\/script>\n<!-- \/ Yoast SEO plugin. -->","yoast_head_json":{"title":"Le Code Moral - Karat\u00e9 Club de Metz","robots":{"index":"index","follow":"follow","max-snippet":"max-snippet:-1","max-image-preview":"max-image-preview:large","max-video-preview":"max-video-preview:-1"},"canonical":"https:\/\/karateclubmetz.fr\/?page_id=344","og_locale":"fr_FR","og_type":"article","og_title":"Le Code Moral - Karat\u00e9 Club de Metz","og_description":"Dans les arts martiaux, le code moral est un condens\u00e9 du Bushido, la voie du guerrier, code d&rsquo;honneur et de morale traditionnelle [&hellip;]","og_url":"https:\/\/karateclubmetz.fr\/?page_id=344","og_site_name":"Karat\u00e9 Club de Metz","article_publisher":"http:\/\/www.facebook.com\/group.php?gid=107459822611766","article_modified_time":"2019-09-22T21:51:25+00:00","og_image":[{"url":"http:\/\/karateclubmetz.fr\/wp-content\/uploads\/2019\/09\/code-moral-2.jpg"}],"twitter_card":"summary_large_image","twitter_misc":{"Dur\u00e9e de lecture estim\u00e9e":"4 minutes"},"schema":{"@context":"https:\/\/schema.org","@graph":[{"@type":"WebPage","@id":"https:\/\/karateclubmetz.fr\/?page_id=344","url":"https:\/\/karateclubmetz.fr\/?page_id=344","name":"Le Code Moral - Karat\u00e9 Club de Metz","isPartOf":{"@id":"https:\/\/karateclubmetz.fr\/#website"},"primaryImageOfPage":{"@id":"https:\/\/karateclubmetz.fr\/?page_id=344#primaryimage"},"image":{"@id":"https:\/\/karateclubmetz.fr\/?page_id=344#primaryimage"},"thumbnailUrl":"http:\/\/karateclubmetz.fr\/wp-content\/uploads\/2019\/09\/code-moral-2.jpg","datePublished":"2019-09-22T21:50:28+00:00","dateModified":"2019-09-22T21:51:25+00:00","breadcrumb":{"@id":"https:\/\/karateclubmetz.fr\/?page_id=344#breadcrumb"},"inLanguage":"fr-FR","potentialAction":[{"@type":"ReadAction","target":["https:\/\/karateclubmetz.fr\/?page_id=344"]}]},{"@type":"ImageObject","inLanguage":"fr-FR","@id":"https:\/\/karateclubmetz.fr\/?page_id=344#primaryimage","url":"http:\/\/karateclubmetz.fr\/wp-content\/uploads\/2019\/09\/code-moral-2.jpg","contentUrl":"http:\/\/karateclubmetz.fr\/wp-content\/uploads\/2019\/09\/code-moral-2.jpg"},{"@type":"BreadcrumbList","@id":"https:\/\/karateclubmetz.fr\/?page_id=344#breadcrumb","itemListElement":[{"@type":"ListItem","position":1,"name":"Accueil","item":"https:\/\/karateclubmetz.fr\/"},{"@type":"ListItem","position":2,"name":"Le Code Moral"}]},{"@type":"WebSite","@id":"https:\/\/karateclubmetz.fr\/#website","url":"https:\/\/karateclubmetz.fr\/","name":"Karat\u00e9 Club de Metz","description":"Le Karat\u00e9 est dans tout ce que vous faites, L\u00e0 est la beaut\u00e9 du travail","publisher":{"@id":"https:\/\/karateclubmetz.fr\/#organization"},"potentialAction":[{"@type":"SearchAction","target":{"@type":"EntryPoint","urlTemplate":"https:\/\/karateclubmetz.fr\/?s={search_term_string}"},"query-input":"required name=search_term_string"}],"inLanguage":"fr-FR"},{"@type":"Organization","@id":"https:\/\/karateclubmetz.fr\/#organization","name":"Karat\u00e9 Club de Metz","url":"https:\/\/karateclubmetz.fr\/","logo":{"@type":"ImageObject","inLanguage":"fr-FR","@id":"https:\/\/karateclubmetz.fr\/#\/schema\/logo\/image\/","url":"https:\/\/karateclubmetz.fr\/wp-content\/uploads\/2019\/09\/logo_kcm.jpg","contentUrl":"https:\/\/karateclubmetz.fr\/wp-content\/uploads\/2019\/09\/logo_kcm.jpg","width":157,"height":157,"caption":"Karat\u00e9 Club de Metz"},"image":{"@id":"https:\/\/karateclubmetz.fr\/#\/schema\/logo\/image\/"},"sameAs":["http:\/\/www.facebook.com\/group.php?gid=107459822611766","https:\/\/instagram.com\/karate_club_de_metz?igshid=181ca0zciwjvq","https:\/\/www.youtube.com\/watch?v=nm26u2MIRwY"]}]}},"_links":{"self":[{"href":"https:\/\/karateclubmetz.fr\/index.php?rest_route=\/wp\/v2\/pages\/344"}],"collection":[{"href":"https:\/\/karateclubmetz.fr\/index.php?rest_route=\/wp\/v2\/pages"}],"about":[{"href":"https:\/\/karateclubmetz.fr\/index.php?rest_route=\/wp\/v2\/types\/page"}],"author":[{"embeddable":true,"href":"https:\/\/karateclubmetz.fr\/index.php?rest_route=\/wp\/v2\/users\/1"}],"replies":[{"embeddable":true,"href":"https:\/\/karateclubmetz.fr\/index.php?rest_route=%2Fwp%2Fv2%2Fcomments&post=344"}],"version-history":[{"count":2,"href":"https:\/\/karateclubmetz.fr\/index.php?rest_route=\/wp\/v2\/pages\/344\/revisions"}],"predecessor-version":[{"id":347,"href":"https:\/\/karateclubmetz.fr\/index.php?rest_route=\/wp\/v2\/pages\/344\/revisions\/347"}],"wp:attachment":[{"href":"https:\/\/karateclubmetz.fr\/index.php?rest_route=%2Fwp%2Fv2%2Fmedia&parent=344"}],"curies":[{"name":"wp","href":"https:\/\/api.w.org\/{rel}","templated":true}]}}